6*q**2 - 140758 - 10*q**2 + 140762. What is m(4)?
4
Let i(d) = -7*d - 3. Let j be (-1 - 0) + -24 + 8. Let r(f) = 20*f + 9. Let z(p) = p**2 - 5*p. Let n be z(3). Let w(o) = j*i(o) + n*r(o). Calculate w(4).
-7
Let b(s) be the third derivative of s**5/30 + 11*s**3/6 + s**2 - 334. Calculate b(3).
29
Let v(a) = -2*a - 4. Let w(z) = -4*z - 9. Let o(b) = -7*v(b) + 3*w(b). Suppose -3*c - 2*c + 25 = 0. Let d(h) = -h + 9. Let g be d(c). Calculate o(g).
9
Let j(n) be the third derivative of -n**6/120 - n**5/5 + 5*n**4/12 - 7*n**3/6 - 1400*n**2. Give j(-13).
32
Let m(q) be the second derivative of -5*q**4/4 - 11*q**3/6 - q**2 + 3240*q. Calculate m(-3).
-104
Let w be (-30*9/90)/(0 - -1). Let v(b) be the first derivative of b**2/2 - 2*b + 1. Determine v(w).
-5
Let u(a) be the first derivative of -a**5/40 - a**4/6 + 48*a**3 - 223. Let n(k) be the third derivative of u(k). Let i = -7 + 4. What is n(i)?
5
Suppose -5*f - 3 - 3 = 3*c, 0 = -3*c + 5*f + 24. Suppose 13 = q + m, -c*q = -5*q - 3*m + 30. Suppose 2*l = q*l - 7. Let k(x) = -x**2 + 2*x - 1. Calculate k(l).
0
Let q(m) = m**2 + 19*m + 46. Suppose 1192*y = 1222*y + 570. Calculate q(y).
46
Let w(a) be the second derivative of -11*a**5/20 - a**4/4 + a**3/3 - a**2/2 - 3*a - 150. Determine w(1).
-13
Let d(f) = -1949*f - 1951*f - 1 - 5*f**2 + 3900*f. Determine d(1).
-6
Let d = 2941 - 2936. Let p(s) be the second derivative of 5/12*s**4 + 0 - 2*s + 1/20*s**d - 7/2*s**2 - s**3. What is p(-6)?
-7
Suppose -4*h - 4 = -g - 2*h, -3*g + 4*h = -18. Let q(w) = 2*w - 12*w + 1 - w**3 - g*w**2 + w. Suppose 384995*u = 384943*u - 468. Give q(u).
1
Let z(v) = v**2 + 7*v + 12. Suppose 11*f + 2*f = -104 + 78. Determine z(f).
2
Suppose 4*c - c = 9. Let d(m) = -189*m - 8. Let s(h) = -303*h - 12. Let x(j) = -8*d(j) + 5*s(j). Calculate x(c).
-5
Let r be (-1)/((-1)/2) - 6/(-3). Let j(k) = 1 - 255*k**3 - 4*k**2 + 2*k**2 + r*k - 263*k**3 + 517*k**3. Calculate j(-3).
-2
Let q(p) be the third derivative of 5*p**4/24 - 5*p**3/6 + 14*p**2 + 52. Calculate q(7).
30
Let i(c) be the second derivative of -c**3/2 + 57*c**2/2 + 1900*c. Give i(15).
12
Suppose 2*z = -4*b - 2, -4*b = 5*z - 0*z + 35. Let a(f) = -3 - 363*f + 194*f + 171*f. Calculate a(z).
-25
Let h(x) = 3*x**2 + 5*x + 5. Let t be 8 + (-32)/4 + 3 + (-16)/4. Calculate h(t).
3
Suppose -n + 2104 = -3*r, 0 = 9*r - 5*r - 4. Let b(g) = 1059*g + 2 - n*g + 1050*g + 2*g**2. Calculate b(-3).
14
Let n(m) be the third derivative of -m**4/24 + m**3/3 + 14*m**2 + 5*m. Give n(-5).
7
Let u(f) = -3*f**2 + 30*f - 14. Let w(z) = -z**2 - 55*z + 307. Let l be w(-60). Give u(l).
49
Let i(q) = q - 6. Let u be i(6). Let b(y) = -216 + y**2 + 21*y + 235 - 22*y. Determine b(u).
19
Suppose 2*c + 6 = -s + 26, 0 = c + 5*s + 8. Let z(q) = q**3 - 12*q**2 + 2*q - 24. Give z(c).
0
Suppose 0 = 5783*w - 5775*w. Let l(z) = -2*z + 2 - 8 + 3*z. What is l(w)?
-6
Let o(d) be the third derivative of -d**6/120 + d**5/10 - d**4/24 + d**3/6 + 362*d**2. Calculate o(6).
-5
Let v(u) = -u**2 + 8*u - 4. Suppose 5*r + 2*j = 35, 0 = -r + j - 6*j + 7. Let n be v(r). Let w(l) = 5*l + 4*l + 7*l**2 + 762 - 760 + l**3 - n*l. What is w(-6)?
2
Let s(t) be the second derivative of -t**3/6 + 7*t**2/2 - 12*t. Suppose f = -16*a + 14*a + 9, 4*a + 5*f - 3 = 0. What is s(a)?
0
Let y(i) = -i**3 + 9*i**2 + 11*i - 10. Let t(f) = 2*f**2 + 8*f + 4. Let l be t(-2). Let k be l*(-119)/28 - 7. Calculate y(k).
0
Let d = 242 + -475. Let x = -244 - d. Let k(a) = a + 16. What is k(x)?
5
Suppose -11*x = -20 - 35. Let s(q) = -q**3 + 9*q**2 + 1228 - 1235 - 4*q**2. Determine s(x).
-7
Suppose 4*x = 9 + 11. Suppose 3 = x*h + f - 17, -2*h = -4*f + 14. Suppose 0 = -h*z - 4*z + 56. Let c(g) = g**3 - 8*g**2 + g - 6. Determine c(z).
2
Let y = -396 + 394. Let p be (12/10)/y + 1763/205. Let m(r) = -r**2 + 8*r - 6. Determine m(p).
-6
Let r(x) be the first derivative of 13*x**2/2 - 32*x + 7233. What is r(5)?
33
Let g(x) = x**3 + 24*x**2 - 52*x - 7. Suppose 4*f - 519 + 419 = 4*q, 5*f - 47 = 2*q. What is g(q)?
-7
Let b(q) = -q + 1. Let o(t) = -4*t + t - 88*t**2 + 5 + 90*t**2. Let w be o(-3). Let k = w + -26. Give b(k).
-5
Suppose -3*h = 2*y + 1 - 9, h - 4*y = -2. Let b be (-38)/(-3) + (-2)/3. Let n(d) = h*d**3 - d + 24 - 2*d**2 - b - 14. Determine n(2).
4
Let d(m) = -m**2 - 7*m + 3. Let r(n) = -8*n**2 - 2. Let l(k) = 16*k**2 + 5. Let h(p) = 2*l(p) + 5*r(p). Let s be h(1). Determine d(s).
-5
Let z(t) be the second derivative of -215*t + 0 - 5/2*t**2 + 1/3*t**3 + 1/12*t**4. Calculate z(3).
10
Let c(u) = -2*u**2 - 14*u - 23. Let y be (-2880)/1620 + 2/(-9). Determine c(y).
-3
Suppose -446*d - 1500 = -546*d. Let b(p) = 2*p**2 - 28*p - 34. Determine b(d).
-4
Let o(x) = -2*x + 1. Let g be 34/(-8) - 20/(-80). Let z be g/(-22) - 124/88*-2. What is o(z)?
-5
Let h be 48/(-60)*(-300)/(-40). Let b(j) = -7*j**2 - 13*j. What is b(h)?
-174
Let p(o) = 3 + o - 2*o - 6 - 6. Let r = -174 + 177. Suppose -3*d + 18 = -r*c - 6*d, -d = -2*c - 18. Calculate p(c).
-1
Let i(f) = 13*f + 0*f - f + 20*f**2 - f**3 + 14 + 5*f + 2*f. Give i(21).
-28
Let j be 75/(-20) - (-1)/(-4). Let v(m) = -64*m**2 + 31*m**2 + 1 + 34*m**2 + 2 - 3*m + 9*m. Calculate v(j).
-5
Let n(r) = 86*r**2 - 13*r + 121. Let c(v) = -171*v**2 + 24*v - 222. Let u(f) = -6*c(f) - 11*n(f). Give u(1).
80
Let r(i) = -i**2 - 3*i + 7. Suppose 5*t - 27 - 168 = c, 2*c = 2*t - 86. Let b = 48 - t. Let k be ((-10)/6)/(b/30). What is r(k)?
-3
Let i be -3 - (-87)/27 - (-4)/(-18). Suppose 4*b = -i*b - 4*b. Suppose -2*g + 4*u - 2 = b, g - 3*u + 7 = u. Let v(h) = -h + 8. Give v(g).
3
Let m(v) = -v**3 + 16*v**2 - 14*v - 4. Let f be m(15). Let q(k) = f*k**2 + 4*k**2 + 7 - 16*k**2 - 3*k. Let l be q(-5). Let b(x) = -x**2 + 3. What is b(l)?
-6
Let b(m) = m**3 + 9*m**2 - m - 8. Suppose 0 = 2*k - 3*h - 52, -3*k + 29 + 15 = 4*h. Suppose 3*y - y = 3*q + 37, -5*q - 5*y = k. Give b(q).
1
Let j(d) be the second derivative of -d**5/10 + d**4/3 + d**3 - 2*d**2 - 680*d. What is j(4)?
-44
Suppose 480*j - 483*j = -3*y + 27, 2*j + 3*y + 3 = 0. Let h(b) = b**3 - b**2 - 3 + 7*b**2 + 15 + 2*b. Give h(j).
0
Suppose 0*d = -5*d. Suppose d = -9*v + 7*v + 10. Let u(k) = -6*k**2 - 5 - k + 8*k + v*k**2 - k. What is u(4)?
3
Let x(c) be the second derivative of c**5/20 - c**4/12 - c**3/6 + 35*c**2/2 + 2866*c. Determine x(0).
35
Suppose -5 = -h - 3*a + 4*a, 3*h + a = 35. Let n(o) be the first derivative of o**3/3 - 4*o**2 - 4*o - 17499. Determine n(h).
16
Let h = 70 + -7. Let x = h - 46. Suppose -7 + x = -5*n. Let v(o) = -6*o - 2. Give v(n).
10
Let j(o) be the second derivative of 7*o**4/24 + o**3/6 + 65*o**2/2 + 84*o. Let c(a) be the first derivative of j(a). Calculate c(-2).
-13
Let v(o) = -o - 25. Let q(a) = a + 11. Let j(z) = -7*q(z) - 3*v(z). Determine j(-10).
38
Let w(p) = -2*p**2 - 138*p + 144. Let i be w(-70). Let n = 7 - 3. Let z(v) = -3 + 2*v - 2*v + n*v + 2*v. Give z(i).
21
Let l(g) = g**3 + 7*g**2 + 7*g - 4. Suppose 0 = -2*s - 3*s + 20. Suppose 0 = u + 2*v + 16, 5*u - 10*u = -v + 47. Let j = s + u. What is l(j)?
-10
Let u(v) = -2*v + 12. Let s = 255 + -247. Suppose -4*r - 3*n + s = -28, -5*n - 10 = -5*r. Calculate u(r).
0
Let x(f) = f + 1. Let h(z) = -3*z. Let v(g) = 5*g - 1. Let s(l) = -11*h(l) - 6*v(l). Let c(k) = -k - 29. Let t be c(-28). Let w(d) = t*s(d) + 4*x(d). Give w(2).
0
Let g(q) = q**3 + 8*q**2 - 12*q - 19. Let y be (-3)/((45/12)/5*-4). Let j be (2 - 2) + (-9)/y. Calculate g(j).
8
Let z(a) = a**3 + a**2 - a - 2. Let d be z(-2). Let p be (-27)/(-15) + (-1 - (-48)/40). Let r be 3/(-2 + 3) + p*d. Let s(u) = -u**2 - 4*u + 5. Give s(r).
0
Let d(c) = c**2 - 4*c - 1. Let p = 449 - 442. Let q be p*(1/(-2))/((-5)/10). Determine d(q).
20
Suppose 6*h - 5*h = 32. Suppose k + 3*k + 2*t - h = 0, 5*t + 60 = 4*k. Let f be k/(-4) - 1 - (-24)/(-48). Let i(j) = j**2 + 4*j + 4. Calculate i(f).
4
Let w(b) be the first derivative of b**3/3 - 4*b**2 + 4*b - 1. Let v = -420 - -400. Let s(t) = -2*t**2 - 44*t - 75. Let k be s(v). What is w(k)?
-11
Let r(h) be the second derivative of h**5/4 + h**4/6 - h**3/3 + h**2/2 - 33*h. Suppose 0 = -b + 11*b - 370. Let u = 38 - b. What is r(u)?
6
Let a(z) be the third derivative of z**4/2 + 71*z**3/6 + z**2 + 383. Give a(-7).
-13
Suppose -8*d - 965 = -77. Let p = d - -163. Let j(s) = p*s - 2*s**3 - 3*s**2 - 1 + 3*s**3 - 50*s. Determine j(1).
-1
Let r =